8 is divided by 1715.
1523
Calculate the remainder when 6493296 is divided by 6653.
6621
Calculate the remainder when 541362 is divided by 162.
120
What is the remainder when 17744 is divided by 4299?
548
Calculate the remainder when 65689 is divided by 756.
673
What is the remainder when 39257658 is divided by 260?
258
Calculate the remainder when 110890 is divided by 1885.
1560
What is the remainder when 1228392 is divided by 307052?
184
Calculate the remainder when 1638679 is divided by 327734.
9
What is the remainder when 208416 is divided by 55?
21
What is the remainder when 6920351 is divided by 94?
71
What is the remainder when 95946 is divided by 8717?
59
Calculate the remainder when 105951 is divided by 20512.
3391
Calculate the remainder when 16807834 is divided by 127.
19
Calculate the remainder when 1002644 is divided by 62665.
4
Calculate the remainder when 71763 is divided by 337.
319
Calculate the remainder when 272245 is divided by 196.
1
What is the remainder when 311306 is divided by 905?
891
Calculate the remainder when 1211247 is divided by 4.
3
What is the remainder when 364533 is divided by 120962?
1647
What is the remainder when 1065480 is divided by 355152?
24
What is the remainder when 998943 is divided by 5?
3
Calculate the remainder when 28424 is divided by 14070.
284
What is the remainder when 105058 is divided by 24?
10
Calculate the remainder when 6371122 is divided by 55.
32
Calculate the remainder when 44217120 is divided by 166.
32
Calculate the remainder when 118314762 is divided by 281.
274
What is the remainder when 6341385 is divided by 467?
459
What is the remainder when 657493 is divided by 657461?
32
What is the remainder when 15420453 is divided by 1927524?
261
Calculate the remainder when 55512 is divided by 18500.
12
Calculate the remainder when 4212581 is divided by 3411.
3407
What is the remainder when 5001209 is divided by 324?
269
What is the remainder when 18173533 is divided by 190?
33
Calculate the remainder when 11510424 is divided by 28.
16
Calculate the remainder when 12599005 is divided by 376.
373
Calculate the remainder when 2053895 is divided by 2053576.
319
Calculate the remainder when 794825 is divided by 113544.
17
Calculate the remainder when 7080232 is divided by 45.
22
What is the remainder when 4718277 is divided by 4?
1
What is the remainder when 20615 is divided by 19023?
1592
Calculate the remainder when 10732842 is divided by 64.
42
Calculate the remainder when 7943775 is divided by 2318.
2307
Calculate the remainder when 2358305 is divided by 102.
65
What is the remainder when 1909153 is divided by 954538?
77
What is the remainder when 459584 is divided by 50583?
4337
Calculate the remainder when 713401764 is divided by 7.
5
What is the remainder when 5364403 is divided by 115?
113
What is the remainder when 3327644 is divided by 33?
23
Calculate the remainder when 10330450 is divided by 54949.
38
What is the remainder when 3216637 is divided by 69?
64
What is the remainder when 1767183 is divided by 682?
121
What is the remainder when 100923 is divided by 1572?
315
Calculate the remainder when 4646270 is divided by 2323108.
54
Calculate the remainder when 2007168 is divided by 26409.
84
What is the remainder when 116440 is divided by 28652?
1832
Calculate the remainder when 32993877 is divided by 53.
52
What is the remainder when 1670866 is divided by 179?
80
Calculate the remainder when 4090504 is divided by 289.
287
What is the remainder when 63241397 is divided by 4554?
4553
What is the remainder when 558261 is divided by 3404?
5
What is the remainder when 437714 is divided by 6946?
116
Calculate the remainder when 60642047 is divided by 343.
333
What is the remainder when 579798 is divided by 24056?
2454
What is the remainder when 23216221 is divided by 5804038?
69
Calculate the remainder when 10830338 is divided by 27628.
162
What is the remainder when 7162190 is divided by 1023168?
14
Calculate the remainder when 1100952 is divided by 3564.
3240
Calculate the remainder when 431813 is divided by 33206.
135
What is the remainder when 27551 is divided by 5160?
1751
Calculate the remainder when 13352057 is divided by 820.
817
What is the remainder when 15104630 is divided by 1073?
9
Calculate the remainder when 18917461 is divided by 2711.
103
Calculate the remainder when 1351498 is divided by 1038.
22
Calculate the remainder when 6253292 is divided by 1563320.
12
Calculate the remainder when 313559 is divided by 660.
59
What is the remainder when 7356233 is divided by 1943?
35
What is the remainder when 249358 is divided by 13?
5
What is the remainder when 3874246 is divided by 129?
118
Calculate the remainder when 7761168 is divided by 102.
90
What is the remainder when 2648688 is divided by 529714?
118
What is the remainder when 892138 is divided by 3511?
344
What is the remainder when 35819 is divided by 568?
35
What is the remainder when 1099099 is divided by 873?
865
What is the remainder when 889586 is divided by 222394?
10
Calculate the remainder when 40077 is divided by 1786.
785
Calculate the remainder when 45843814 is divided by 571.
508
Calculate the remainder when 599085 is divided by 199686.
27
Calculate the remainder when 60901 is divided by 1646.
1645
What is the remainder when 157164 is divided by 31324?
544
Calculate the remainder when 1265135 is divided by 992.
335
What is the remainder when 2214421 is divided by 1809?
205
Calculate the remainder when 99219 is divided by 223.
207
Calculate the remainder when 514779703 is divided by 333.
331
What is the remainder when 2244597 is divided by 132?
69
Calculate the remainder when 1974546 is divided by 49.
42
What is the remainder when 345785 is divided by 5013?
4901
What is the remainder when 27278790 is divided by 105?
0
Calculate the remainder when 631887 is divided by 51.
48
What is the remainder when 500686 is divided by 207?
160
Calculate the remainder when 424787 is divided by 814.
693
Calculate the remainder when 122416342 is divided by 3450.
3442
Calculate the remainder when 1763 is divided by 23.
15
Calculate the remainder when 103419 is divided by 767.
641
What is the remainder when 123161671 is divided by 105?
31
What is the remainder when 46580053 is divided by 61?
26
Calculate the remainder when 5845556 is divided by 8.
4
Calculate the remainder when 35899017 is divided by 8.
1
What is the remainder when 125194 is divided by 35?
34
Calculate the remainder when 3754295 is divided by 11307.
371
What is the remainder when 627393 is divided by 44622?
2685
Calculate the remainder when 211644 is divided by 67.
58
What is the remainder when 198260 is divided by 2678?
88
What is the remainder when 19560072 is divided by 300924?
12
What is the remainder when 3332735 is divided by 29?
26
Calculate the remainder when 231841 is divided by 38395.
1471
Calculate the remainder when 227785 is divided by 452.
429
What is the remainder when 29208578 is divided by 10537?
14
Calculate the remainder when 8900988 is divided by 54.
6
Calculate the remainder when 38484554 is divided by 1480173.
56
Calculate the remainder when 23898 is divided by 7123.
2529
What is the remainder when 7024856 is divided by 140?
76
What is the remainder when 1059141 is divided by 955?
46
Calculate the remainder when 153062 is divided by 2516.
2102
Calculate the remainder when 1754845 is divided by 1754489.
356
What is the remainder when 1551354 is divided by 775618?
118
Calculate the remainder when 4958505 is divided by 61216.
9
Calculate the remainder when 1707603 is divided by 77618.
7
Calculate the remainder when 31758253 is divided by 2.
1
What is the remainder when 2411184 is divided by 56074?
2
Calculate the remainder when 3732101 is divided by 1539.
26
What is the remainder when 20957636 is divided by 65288?
188
Calculate the remainder when 41546 is divided by 5922.
92
What is the remainder when 1953507 is divided by 1471?
19
Calculate the remainder when 214444 is divided by 89.
43
Calculate the remainder when 411991 is divided by 79.
6
What is the remainder when 17901611 is divided by 656?
27
Calculate the remainder when 17802 is divided by 37.
5
Calculate the remainder when 28796 is divided by 14105.
586
Calculate the remaind